at is the greatest common divisor of 25 and o?
25
Suppose 0*b = 3*b - 15. Suppose 5*z - 54 = 2*h, 0*z = 2*z - 2*h - 24. Calculate the highest common factor of b and z.
5
Suppose 1 = -h + 3. Suppose 3*d = 2*r + 7, -h*r - 1 + 24 = 3*d. What is the highest common divisor of 45 and d?
5
Suppose -6*j + 1 = -5. Calculate the highest common factor of j and 8.
1
Let d(t) = -64*t - 4. Let r be d(3). Let h = r - -93. Let k = h + 147. Calculate the greatest common divisor of k and 11.
11
Let d be 2/(-4)*(-2)/(-4)*-4. Let o(j) = 2*j - 1. Let g be o(4). What is the greatest common divisor of d and g?
1
Suppose 0 = 2*y + 8, -3*y = 5*z - 42 - 56. Suppose 0 = -4*r + 6*r - z. What is the highest common factor of r and 121?
11
Suppose 7*d - 32 = 3*d. Let n be 2 + (3 - d) + 15. Let u = -106 + 190. What is the greatest common divisor of n and u?
12
Let t(w) = -w**3 + 12*w**2 + 5. Let d be t(12). Suppose -4*j = -0*r + d*r - 13, 0 = -r + 2*j - 3. Calculate the greatest common divisor of 11 and r.
1
Suppose -3*s + 222 = -0*s + 4*k, -3*s - 3*k + 219 = 0. Calculate the greatest common divisor of s and 28.
14
Suppose -3*f + 8 = f. Let h(z) = -z**2 - 4*z + 4. Let p be h(-4). What is the greatest common factor of p and f?
2
Let z = 43 - 40. Calculate the greatest common factor of z and 24.
3
Suppose 0 = 6*m - m - 50. Calculate the highest common divisor of 25 and m.
5
Let j(b) = 4*b**3 - b. Let f be j(1). Suppose f*n - k + 0*k = 165, n - 2*k - 50 = 0. What is the highest common divisor of 14 and n?
14
Let x be (27 - -1)/(3 - 1). Let w(f) = f - f + f + 0. Let k be w(2). Calculate the greatest common divisor of k and x.
2
Suppose -3*d + 5*d = 4*y + 24, -4*d - y + 66 = 0. Let z(m) = 10*m + 4. Let g be z(6). Calculate the highest common factor of g and d.
16
Let i = -5 + 18. Suppose 5*p = 5*d + 741 - 26, 143 = p + 5*d. What is the greatest common divisor of p and i?
13
Let i = 9 - -5. Let v be (-1 + 1 + 14)*5/2. What is the greatest common factor of i and v?
7
Let o be (3 - 3) + 364 - 3. Let b = o + -240. What is the highest common factor of b and 11?
11
Let b(j) = -3*j**3 - 5*j**2 - 3*j + 4. Let y be b(-2). What is the highest common factor of y and 154?
14
Suppose 0*v - 7 = -2*y - v, 3*v = 3. Suppose 189 = -u + 4*u + y*k, 4*u + 2*k = 254. Suppose 4 = -3*i + u. Calculate the greatest common factor of 4 and i.
4
Let a(t) = 30*t**2. Let l be a(1). Suppose -12 + 22 = -2*i. Let z = i - -20. Calculate the highest common divisor of z and l.
15
Let z(q) = q**2 + q + 1. Let f(y) = -8*y**2 - 14*y + 2. Let m(p) = -f(p) - 4*z(p). Let v be m(-8). Calculate the greatest common factor of v and 68.
34
Suppose -4*u - 3*v + 2*v + 42 = 0, -5*u - v = -53. Let n be (-364)/(-3) - (-2)/(-6). Calculate the greatest common factor of u and n.
11
Suppose 13 + 11 = 2*q. Let o be 30/q + (-2)/4. Calculate the highest common factor of 6 and o.
2
Suppose v + 4*g = 20, 0*v + 3*v + 4 = 4*g. Suppose -4*w = -7*w + 6. Suppose -w*s + 4*s = 24. What is the highest common divisor of s and v?
4
Suppose 6*p - 2*p = 32. Let a = 6 - p. Let f be a/1*(-6 - -5). Calculate the highest common divisor of 6 and f.
2
Let r = -29 + 30. What is the highest common factor of r and 11?
1
Suppose 6*h + 3*h = 1368. Calculate the greatest common divisor of 8 and h.
8
Suppose -l + 30 = 3. Calculate the highest common factor of 54 and l.
27
Suppose 4 = r - 8. Let h = 53 + -35. Calculate the highest common divisor of r and h.
6
Let p be 2/4 - (-65)/(-10). Let s be p/(3 - 0) - -15. What is the greatest common factor of 91 and s?
13
Let j(o) = 5*o + 12. Let m be j(13). What is the greatest common factor of 7 and m?
7
Let m be 4/(-6) + (-2)/(-3). Suppose -3*o = -2*a + 18, -o + 2 = 2*a - m*o. Calculate the highest common divisor of a and 3.
3
Let v(x) = 4*x - 9. Let o be v(13). Calculate the highest common factor of o and 344.
43
Let i be (-2)/6 - (-10)/3. Suppose -5*j = -i*j - 28. Calculate the highest common factor of j and 2.
2
Let j = 171 + -101. Let i = j - 22. What is the highest common factor of i and 16?
16
Suppose 3*f = f - 5*y + 3, 2*y + 6 = 0. Let j be 1/(-3) - (-1)/3. Let t be j/(-2) + 1 + 35. Calculate the greatest common divisor of f and t.
9
Let m(z) = 2*z + 2. Let q be m(1). Calculate the highest common divisor of 12 and q.
4
Let s = 224 - 160. Suppose 17*u - 24 - 112 = 0. Calculate the greatest common divisor of u and s.
8
Let t = 202 - 122. What is the greatest common factor of t and 20?
20
Let o be 3/5 - 4/(-10). Let j be 23*(o + -3 + 11). Calculate the highest common divisor of 23 and j.
23
Let q be -1 - -3*(0 + 4). Let p be (2 + (1 - 4))*(-2)/2. What is the highest common factor of p and q?
1
Let z = -44 + 107. Let o be (4 - 0)*9/4. What is the highest common divisor of z and o?
9
Let h(t) = t**3 + 10*t**2 + 16*t - 5. Let f be h(-7). What is the greatest common divisor of 15 and f?
15
Suppose 3*c - 148 = 17. What is the greatest common divisor of c and 22?
11
Let x(u) = u**2 - 6*u + 5. Let a be x(5). Suppose 5*l = -a*l + 75. What is the highest common factor of l and 10?
5
Let r = 217 - 107. Suppose -f = -0 - 3, -2*y + r = 4*f. What is the greatest common divisor of y and 7?
7
Suppose 5*v + 30 = w, 3*w + 4*v - 14 = -0. Suppose 7*z + 60 = 10*z. Calculate the highest common divisor of z and w.
10
Let g = -1 - -7. Let k = -3 + g. Suppose -12 = -k*y + 18. What is the greatest common factor of y and 10?
10
Let r(c) = 8*c**2. Suppose -7 = -2*j + 1. Suppose 3 = i + j. Let n be r(i). Calculate the highest common factor of 8 and n.
8
Let c = -1 + 3. Let v be -11*1/c*-10. What is the highest common factor of 5 and v?
5
Let q be ((-28)/(-8) - -2)*6. Calculate the highest common factor of q and 11.
11
Let k(j) = 2*j**2 - 8*j + 14. Let t be k(4). Let v be (-12)/2*(-56)/3. What is the greatest common factor of v and t?
14
Let u be 2/(-3)*27/(-6). Let q be u*26*(-6)/(-18). Calculate the highest common factor of q and 78.
26
Suppose -3*g + 3*k = -3, 3*g - 5 = 4*g - 3*k. Suppose -3*i + 3*b = i - 249, -g*i = -2*b - 254. Calculate the highest common factor of i and 6.
6
Let n be (2/3)/(12/54). Let z be ((-11)/n)/((-9)/27). What is the highest common factor of 77 and z?
11
Suppose -5*d - 5*m = -3*m - 660, -4*m + 132 = d. What is the greatest common divisor of 12 and d?
12
Let z = -13 + 22. Suppose 0 = z*c - 4*c - 45. What is the highest common divisor of c and 27?
9
Let i(r) = -2*r**2 + 4*r - 3. Let a be i(2). Let b = 17 - 15. Let j be 69 - (a - b*-1). Calculate the highest common divisor of 10 and j.
10
Let x be 12/((6/8)/1). What is the highest common factor of x and 128?
16
Let v = 171 - 76. Let d(x) = 7*x**3 - x - 1. Let q be d(-2). Let k = q + v. Calculate the greatest common divisor of 8 and k.
8
Let y(w) = 47*w**2 + 2*w + 1. Let v be y(-1). Suppose -4*j + 34 = -v. Calculate the highest common factor of 50 and j.
10
Let h(f) = f**3 - 7*f**2 - 4*f. Let u be h(9). Suppose 0 = -5*m + 3*r + 82, 4*m + m = 4*r + 86. Calculate the greatest common factor of m and u.
14
Suppose 8*d = 3*d + 75. What is the highest common divisor of 6 and d?
3
Suppose 4*q = -0*q - 2*y + 506, -2*q + 5*y = -235. Suppose q = s - 29. What is the greatest common divisor of 14 and s?
14
Let z(c) = -c**3 - 5*c**2 + 6*c + 5. Suppose -4*m = 2*f + 8, -4*f - 4*m - 20 = -0*m. Let u be z(f). What is the highest common factor of 25 and u?
5
Let a(w) = w - 9. Let q be a(12). What is the greatest common divisor of q and 33?
3
Let a = 53 + -48. Calculate the greatest common divisor of a and 20.
5
Let l(k) = 6*k**2 - 3*k - 3. Let o = -9 + 12. Let s be l(o). What is the greatest common divisor of 6 and s?
6
Let n = -81 - -117. Calculate the greatest common divisor of n and 54.
18
Let a(j) = 3*j + 16. Let q be a(-7). Let m be (-16)/(-10) - 2/q. Let b = -11 - -17. Calculate the greatest common divisor of b and m.
2
Let z(t) = -t + 10. Let g be z(12). Let b be 20/((0 - 2)/g). What is the highest common divisor of b and 5?
5
Let m be ((-8)/4)/(4/(-10)). Let w be (0 - 0)/(-2 + 3). Let y = w - -5. What is the highest common divisor of m and y?
5
Let l = 1 - -4. Suppose 0 = i - l. Let g be (3 - 2) + (0 - -39). What is the greatest common divisor of i and g?
5
Let w(i) = -i**2 - 2*i + 4. Let l be w(-2). Suppose 2*c = -2*c + l. Calculate the highest common divisor of c and 5.
1
Sup